479*a + 489*a. Calculate the greatest common divisor of 368 and a.
46
Let o(q) = -q**3 + q**2 + 4*q + 1. Let a be o(-3). Let c = 5 + 0. Suppose 300 = c*w - 825. What is the greatest common divisor of a and w?
25
Let b(j) = 181*j**3 - j**2 - 4*j + 4. Let s be b(1). What is the greatest common divisor of 240 and s?
60
Let w = 1400 - 1141. What is the highest common factor of 7 and w?
7
Let v(p) = 15*p. Let b(f) = -9 + 75*f - 9 + 19. Let a(k) = -2*b(k) + 11*v(k). Let t be a(6). Calculate the greatest common factor of 11 and t.
11
Let x = 567 - 566. Suppose 2*g = 2*y - 4*y + 16, -20 = -5*g. Let i be 14/y - x/2. Calculate the highest common divisor of i and 33.
3
Let l be (-2)/(-12) - (-77)/6. Suppose 2*n + 437 = 5*c - 138, 2*c = 2*n + 224. What is the highest common factor of l and c?
13
Let o be (2 - -1)/3 - 4. Let l be (-6 - o)*-1 - -8. Let t be (-4)/(4/l)*-1. Calculate the highest common factor of 121 and t.
11
Let k = -4 - -5. Suppose -6*h + h = 0. Suppose h = 6*p - 4*p - 22. What is the highest common divisor of p and k?
1
Let k be (-12)/54 - (-22)/18. Let q(h) = 68*h**3 + h**2 + 2*h - 1. Let t be q(k). Calculate the highest common factor of t and 10.
10
Suppose c - 4*b - 2 = 16, 0 = c - b - 21. What is the greatest common divisor of c and 55?
11
Let l(q) = -6*q**3 - 3*q**2 - 3*q - 4. Let z be l(-2). Calculate the greatest common factor of 38 and z.
38
Let f be (-18)/(1 + 10/(-6)). Let b(y) = y**2 + 10*y - 63. Let n be b(-15). Suppose 0 = -g + 6 + n. What is the highest common divisor of f and g?
9
Let k(a) = 6*a - 81. Let i be k(29). Calculate the highest common factor of i and 3.
3
Suppose -28*g + 39*g = 385. Calculate the greatest common factor of 1645 and g.
35
Let k = -98 - -120. Calculate the greatest common factor of 132 and k.
22
Suppose 0 = 5*y + f - 788, -3*f = -3*y - 2*f + 476. Let d = -8 + y. Calculate the greatest common divisor of d and 60.
30
Suppose 5*f + 4*v = 276, 4*f + 0*f + v - 223 = 0. Let j = -14 + f. What is the greatest common divisor of 70 and j?
14
Suppose -2*c = 5*u - 709, -3*u = -5*c + 8*c - 420. What is the highest common divisor of 13 and u?
13
Let t be (-12)/1*1/(-2). Suppose -7 = y + 4*i, t*y = 3*y + 2*i + 21. Suppose -2*n + 50 = 3*n. What is the greatest common factor of y and n?
5
Suppose -3*w = -4*y - 1060, y = 3 - 4. Calculate the highest common factor of w and 32.
32
Let k = -60 + 72. Suppose -s + 6 = -1. Suppose k*n = s*n + 420. What is the greatest common divisor of 210 and n?
42
Let u(b) be the second derivative of -3/2*b**3 + 1/20*b**5 - 7*b - 5/6*b**4 + 0 + b**2. Let i be u(11). What is the greatest common divisor of i and 8?
8
Let k be 1048/10 + 49/245. Calculate the highest common factor of k and 210.
105
Suppose 3*h - 4*h + 2*x = -27, x = -1. Let n = h + -9. Let k be 6/81*9*24. What is the greatest common divisor of n and k?
16
Suppose -13*x + 698 = 646. What is the highest common factor of 1 and x?
1
Let i = 52 + -37. Let p = 19 - i. Suppose -3*g + p*g - 16 = 0. Calculate the highest common factor of g and 144.
16
Suppose 168 + 175 = 7*x. Let z = -21 + 28. What is the greatest common factor of z and x?
7
Suppose -2*i + 27 = -17. Suppose -j - i = -34. Calculate the highest common divisor of j and 96.
12
Let x(u) = u**2 + u + 7. Let l be -4 + -2 + (-12)/(-2). Let q be x(l). Calculate the greatest common factor of q and 77.
7
Let j = -1555 - -1580. What is the highest common factor of j and 425?
25
Suppose 512 = 4*r - 2*b, 236 = -25*r + 27*r + 4*b. Suppose 7*q - 2*q = 70. Calculate the greatest common divisor of r and q.
14
Let n(p) = -p**3 - 5*p**2 - 3*p - 10. Let d be n(-5). Let j be 24 + (d/(-2) - 1/2). Calculate the highest common factor of 14 and j.
7
Suppose -19 - 16 = -5*o. Suppose 0 = -5*g - l + 4*l + 114, l + 45 = 2*g. Calculate the highest common divisor of g and o.
7
Let h(u) = u**3 - 9*u**2 + 10*u - 196. Let n be h(10). Let j(w) = -w**3 + 11*w**2 - 10*w + 1. Let s be j(10). Calculate the highest common factor of n and s.
1
Suppose -32 = -6*l - 26. Let o(w) = 7*w**3 + w**2 - w. Let i be o(l). What is the greatest common divisor of 7 and i?
7
Let a be (-4)/10*3*-105. Suppose 3*v + 29 = 50. Suppose 2*d + 1 = y - v, 3*d = 15. What is the highest common factor of y and a?
18
Let g = 227 + -218. Calculate the highest common divisor of g and 36.
9
Let f = 664 + -660. Let o = -25 - -41. What is the greatest common divisor of o and f?
4
Suppose 1126 = 14*u - 2164. Calculate the greatest common factor of 188 and u.
47
Let s = 552 - 304. Calculate the greatest common divisor of s and 8.
8
Let s be 12*((-2)/(-8) + 1). Let c = -47 - -61. Let a = 59 - c. What is the highest common divisor of s and a?
15
Suppose 26*m = 25*m - 351. Let o be 2*(-3 - m/6). What is the highest common divisor of o and 74?
37
Let l be -1 - 2 - (-3 + -3) - -41. Suppose -4*d - 5*v + 16 = 0, -3*v + l = 4*d - 5*v. What is the highest common factor of 99 and d?
9
Suppose 3*h = 2*q + 12, 0*q = -q. Let b be 84*2/16*h. Let c = -9 - -30. Calculate the highest common divisor of c and b.
21
Suppose 5*f + 400 = 30*f. Calculate the greatest common factor of f and 288.
16
Let b(k) = -6 - k**3 - 2*k - 8*k**2 + 0*k**3 + 0*k**3 - k**2. Let s be b(-9). Let v = 14 - s. Calculate the highest common divisor of v and 2.
2
Suppose r + 3*k = 20, -86*k - 90 = -4*r - 88*k. Let n be 3/12 - (-1011)/4. Calculate the greatest common divisor of r and n.
23
Let y = 10 - 8. Let q be (10/(-6))/(y/(-12)). Let l be 4 + -2 - (0 + -2). What is the greatest common factor of q and l?
2
Suppose 0 = -219*i + 210*i + 225. What is the greatest common divisor of i and 45?
5
Let r(v) = v**2 - v. Let f be r(2). Let z be (f + -1)*(0 - 2). Let n = z - -19. What is the greatest common factor of 34 and n?
17
Let h = 1356 - 1335. Calculate the highest common factor of 9 and h.
3
Let o be (62/(-527) - 12/187) + 510/22. Let h(a) = -91*a + 1. Let k be h(-1). What is the highest common divisor of o and k?
23
Suppose -36*y + 20642 = -23314. What is the highest common factor of 33 and y?
33
Let t(h) = -h**3 + 25*h**2 - 18*h - 64. Let z be t(24). What is the greatest common divisor of z and 5?
5
Suppose 104 = 10*w - 96. Let z be ((-11)/(-3))/(w/60). Calculate the highest common divisor of z and 198.
11
Let a be 4/5 + 6266/130. What is the highest common factor of 392 and a?
49
Let k = -52 - -69. Calculate the highest common divisor of 68 and k.
17
Let h(b) = -2*b - 7 - 3 + 9. Let c be h(-1). Suppose 1 = 2*p - c. Calculate the highest common factor of 1 and p.
1
Let b = -467 + 474. Calculate the greatest common factor of b and 119.
7
Let p = 147 - 107. Calculate the greatest common divisor of p and 100.
20
Let z be ((-344)/215)/(108/(-105) + 1). Calculate the highest common factor of z and 7.
7
Suppose r + 5 = 2*r. Suppose 0 = k + 2*u - 8, -r*k - 2*u + 40 = -16. What is the highest common divisor of k and 108?
12
Let x(d) = -7*d**3 + d**2 - 3*d - 11. Let g be x(-3). What is the highest common divisor of 28 and g?
28
Suppose -2*x + 372 = -0*x. Suppose -4*w = -s - 659, s = w + 5*s - x. Let d = w - -98. What is the greatest common divisor of 33 and d?
33
Suppose -3*y + 21 = 5*l, 8 = 3*y + 2. Let t(p) = 2 - 6 - p**3 + l*p**2 - 3*p + 3*p. Let r be t(-2). What is the highest common factor of 16 and r?
16
Let b be (-18)/(-99) + 1/(11/64). Calculate the greatest common divisor of b and 12.
6
Let i(c) = 33*c - 13*c**2 + c**2 - 21*c + 5 + c**3. Let m be i(11). Calculate the highest common divisor of 144 and m.
16
Suppose -35 = -2*v - 117. Let k = -13 - v. Suppose 56 = 2*c + k. What is the highest common factor of c and 126?
14
Suppose 3*i = -2 + 23. Suppose -2*g - 20 = -i*g. Let o(l) = -36*l**3 - l**2 - l. Let j be o(-1). Calculate the greatest common factor of j and g.
4
Let r be -14*1*66/(-14). What is the greatest common divisor of 2541 and r?
33
Suppose -m + 5*m - 60 = 0. Let s be ((-27)/m)/(2/(-10)). Suppose -j = 2*j - s. Calculate the greatest common factor of j and 15.
3
Let m = -78 + 114. Let p = 5 - 0. Suppose 0 = -5*j - 4*f + 49, 2*f - 6*f = -j + p. What is the highest common factor of m and j?
9
Suppose 2*t - c + 53 = 0, t - 5*c + 97 = -2*t. Let s = t - -53. Calculate the greatest common divisor of s and 87.
29
Let n be 6/(-4)*156/(-18). Calculate the highest common factor of 52